{"id":8,"date":"2025-03-26T07:16:34","date_gmt":"2025-03-26T07:16:34","guid":{"rendered":"https:\/\/kaijahartiala.fi\/?page_id=8"},"modified":"2025-04-01T09:53:17","modified_gmt":"2025-04-01T09:53:17","slug":"etusivu","status":"publish","type":"page","link":"https:\/\/kaijahartiala.fi\/","title":{"rendered":"Etusivu"},"content":{"rendered":"<section \n        class=\"custom-block wp-block-image-and-text has-background bg-white \">\n        <div class=\"wrap\">\n            <div class=\"flex image-right\">\n                 \n                    <div class=\"flex-item six has-image\">\n                        <div \n    class=\"image image-square\"\n>\n    <img decoding=\"async\" src=\"https:\/\/kaijahartiala.fi\/app\/uploads\/2025\/04\/Kaija_Hartiala-scaled-e1743500757846.jpg\" alt=\"\" \/>\n<\/div>\n                    <\/div>\n                                <div class=\"flex-item six has-text\">\n                                                            <span class=\"small-title\">\n        Lastenl\u00e4\u00e4k\u00e4ri &amp; L\u00e4\u00e4ketieteen ja kirurgian tohtori\n    <\/span>\n<h2\n    class=\"color-default title-default title-default\"\n>\n    Kaija Hartiala\n<\/h2>\n\n                                                                <ul>\n<li data-olk-copy-source=\"MessageBody\">Turku on upea kaupunki ja haluan edelleen toimia p\u00e4\u00e4t\u00f6ksenteossa turkulaisten hyv\u00e4ksi<\/li>\n<li>Raitiotie on Turulle liian kallis investointi ja palvelisi vain pient\u00e4 osaa kaupunkilaisista<\/li>\n<li>Turussa on erinomaiset p\u00e4iv\u00e4kodit ja koulut joissa on my\u00f6s valinnan mahdollisuuksia<\/li>\n<li>liikuntapaikat houkuttelevat kaupunkilaisia pit\u00e4m\u00e4\u00e4n huolta itsest\u00e4\u00e4n<\/li>\n<li>nuorisoa motivoivia liikuntapaikkoja on rakennettava lis\u00e4\u00e4<\/li>\n<li>kulttuuri on Turun vetovoimatekij\u00e4<\/li>\n<li>hienoa ett\u00e4 Taiteiden talo on olemassa ja Fuuga rakenteilla<\/li>\n<li>kaavoituksessa on kunnioitettava Turun historiaa ja asukkaiden viihtymisest\u00e4 on huolehdittava<\/li>\n<li>ylitehokasta rakentamista pit\u00e4\u00e4 v\u00e4ltt\u00e4\u00e4<\/li>\n<\/ul>\n\n                                                                        <div class=\"has-btn\">\n                        <a \n        href=\"https:\/\/kaijahartiala.fi\/?page_id=13\"\n        target=\"\"\n        class=\"btn\"\n    >\n        Lue vaaliteemoistani t\u00e4\u00e4lt\u00e4\n    <\/a>\n                    <\/div>\n                                <\/div>\n            <\/div>\n        <\/div>\n    <\/section>\n\n\n<section\n    class=\"custom-block wp-block-text has-background bg-grey \"\n>\n    <div class=\"wrap small\">\n            <h2\n    class=\"color-default title-default title-default\"\n>\n    Vastuuteht\u00e4v\u00e4ni\n<\/h2>\n\n                <ul>\n<li data-olk-copy-source=\"MessageBody\">kaupunginvaltuutettu<\/li>\n<li>kasvatus- ja opetuslautakunnan varapuheenjohtaja<\/li>\n<li>aluevaltuutettu<\/li>\n<li>aluehallituksen j\u00e4sen<\/li>\n<li>Forum Marinum-s\u00e4\u00e4ti\u00f6n puheenjohtaja<\/li>\n<\/ul>\n\n            <\/div>\n<\/section>\n\n\n<section\n    class=\"custom-block wp-block-text has-background bg-white \"\n>\n    <div class=\"wrap small\">\n                <h2>Lis\u00e4\u00e4 taustastani ja kokemuksestani<\/h2>\n<p><span>Synnyin vuonna 1954 Heidekenill\u00e4. Kerttulin kansakoulun ja Turun Normaalilyseon kautta jatkoin opiskelemaan l\u00e4\u00e4ketiedett\u00e4 Turun yliopistoon, josta valmistuin l\u00e4\u00e4k\u00e4riksi. Teini-i\u00e4ss\u00e4 vietin vuoden koulussa G\u00f6ttingeniss\u00e4 ja l\u00e4\u00e4k\u00e4riksi valmistuttuani yhteens\u00e4 kolme vuotta San Fransiskossa tehden l\u00e4\u00e4ketieteellist\u00e4 tutkimusty\u00f6t\u00e4. V\u00e4it\u00f6skirjani immunologian ja mikrobiologian alalta valmistui 1987.<\/span><\/p>\n<p><span> Lastentaudit valitsin erikoisalaksi koska lapset ovat valloittavia ja toisaalta haastavia potilaita. Toimin TYKS:ss\u00e4 lastentautien opettajana ja lasten teho-osaston erikoisl\u00e4\u00e4k\u00e4rin\u00e4 kymmenen vuoden ajan. Olin ensi kertaa kuntavaaleissa 1996 ja sen j\u00e4lkeen toimin valtuuston lis\u00e4ksi kaupunginhallituksen j\u00e4senen\u00e4 ja kauden lopulla kaupunginhallituksen puheenjohtajana.<\/span><\/p>\n<p>Vuonna 2001 aloitin ty\u00f6n Turun palvelutoimen apulaiskaupunginjohtajana ja olin vastuussa mm. prosessista jolla Turku haki ja valittiin Euroopan kulttuurip\u00e4\u00e4kaupungiksi. Koulutuksen kehitt\u00e4minen ja kaupungin ja yliopiston yhteisty\u00f6n parantaminen olivat agendallani. Perustimme my\u00f6s Kansainv\u00e4lisen koulun ja Koneteknologiakeskuksen. Kulttuurin saralla Ruisrockin pelastaminen, Linnateatterin perustaminen, tanssin aluekeskus sek\u00e4 Turun kehitt\u00e4minen elokuvakaupungiksi kuuluivat toimenkuvaani.<\/p>\n<p>Yhdistimme Turun kirurgisen sairaalan TYKSiin ja n\u00e4in potilasjonot saatiin lyhenem\u00e4\u00e4n ja kirurginen osaaminen keskitetyksi kilpavarustelun sijaan. Lasten teho-osaston \u00e4\u00e4rimm\u00e4isen tehokkaaseen ja tuloskeskeiseen ty\u00f6skentelyyn verrattuna oli Turun keskushallinnon toiminnassa eritt\u00e4in paljon sellaista mit\u00e4 en voinut &#8211; enk\u00e4 voi edelleenk\u00e4\u00e4n &#8211; hyv\u00e4ksy\u00e4. Hallintoa on voitava kevent\u00e4\u00e4 jo taloudenkin vuoksi ja samalla selkeytt\u00e4\u00e4 tulosten mittaamista.<\/p>\n<p>Vuosina 2013-2021 toimin kasvatus- ja opetuslautakunnan puheenjohtajana ja nyt varapuheenjohtajana. Toimin my\u00f6s Forum Marinum-s\u00e4\u00e4ti\u00f6n puheenjohtajana. Forum Marinum toimii t\u00e4ll\u00e4 hetkell\u00e4 my\u00f6s Turulle strategisesti t\u00e4rkeiden merikeskusaktiviteettien tyyssijana ja kehitt\u00e4j\u00e4n\u00e4 ja oli vuonna 2024 Turun eniten vierailtu museokohde.<\/p>\n<p>Nykyisin ty\u00f6skentelen lastenl\u00e4\u00e4k\u00e4rin\u00e4 Mehil\u00e4isess\u00e4. On hienoa tehd\u00e4 ty\u00f6t\u00e4 terveydenhuollon organisaatiossa jossa potilas on ykk\u00f6nen. Nautin valtavasti ty\u00f6st\u00e4ni lasten ja lapsiperheiden parissa. Ihailen aktiivisia nuoria perheit\u00e4 joissalasten on hyv\u00e4 kasvaa ja joissa joskus el\u00e4m\u00e4\u00e4 rajoittavista sairauksista huolimatta elet\u00e4\u00e4n t\u00e4ysipainoista el\u00e4m\u00e4\u00e4.<\/p>\n<p>Kuusi vuotta sitten minut valittiin Suomen Kulttuuriperinn\u00f6n S\u00e4\u00e4ti\u00f6n puheenjohtajaksi. S\u00e4\u00e4ti\u00f6 omistaa mm. 1700-luvulla rakennetun Brinkhallin kartanon Kakskerrassa. Olen koukussa Brinkhallin kehitt\u00e4miseen jotta se palvelisi aktiivisena kulttuurikeskuksena my\u00f6s tulevaisuudessa.<\/p>\n\n            <\/div>\n<\/section>\n","protected":false},"excerpt":{"rendered":"","protected":false},"author":1,"featured_media":0,"parent":0,"menu_order":0,"comment_status":"closed","ping_status":"closed","template":"","meta":{"_acf_changed":false,"footnotes":""},"class_list":["post-8","page","type-page","status-publish","hentry"],"acf":[],"yoast_head":"<!-- This site is optimized with the Yoast SEO plugin v23.9 - https:\/\/yoast.com\/wordpress\/plugins\/seo\/ -->\n<title>Etusivu - Kaija Hartiala<\/title>\n<meta name=\"robots\" content=\"index, follow, max-snippet:-1, max-image-preview:large, max-video-preview:-1\" \/>\n<link rel=\"canonical\" href=\"https:\/\/kaijahartiala.fi\/\" \/>\n<meta property=\"og:locale\" content=\"fi_FI\" \/>\n<meta property=\"og:type\" content=\"article\" \/>\n<meta property=\"og:title\" content=\"Etusivu - Kaija Hartiala\" \/>\n<meta property=\"og:url\" content=\"https:\/\/kaijahartiala.fi\/\" \/>\n<meta property=\"og:site_name\" content=\"Kaija Hartiala\" \/>\n<meta property=\"article:modified_time\" content=\"2025-04-01T09:53:17+00:00\" \/>\n<meta name=\"twitter:card\" content=\"summary_large_image\" \/>\n<script type=\"application\/ld+json\" class=\"yoast-schema-graph\">{\"@context\":\"https:\/\/schema.org\",\"@graph\":[{\"@type\":\"WebPage\",\"@id\":\"https:\/\/kaijahartiala.fi\/\",\"url\":\"https:\/\/kaijahartiala.fi\/\",\"name\":\"Etusivu - Kaija Hartiala\",\"isPartOf\":{\"@id\":\"https:\/\/kaijahartiala.fi\/#website\"},\"datePublished\":\"2025-03-26T07:16:34+00:00\",\"dateModified\":\"2025-04-01T09:53:17+00:00\",\"breadcrumb\":{\"@id\":\"https:\/\/kaijahartiala.fi\/#breadcrumb\"},\"inLanguage\":\"fi\",\"potentialAction\":[{\"@type\":\"ReadAction\",\"target\":[\"https:\/\/kaijahartiala.fi\/\"]}]},{\"@type\":\"BreadcrumbList\",\"@id\":\"https:\/\/kaijahartiala.fi\/#breadcrumb\",\"itemListElement\":[{\"@type\":\"ListItem\",\"position\":1,\"name\":\"Home\",\"item\":\"https:\/\/kaijahartiala.fi\/\"},{\"@type\":\"ListItem\",\"position\":2,\"name\":\"Etusivu\"}]},{\"@type\":\"WebSite\",\"@id\":\"https:\/\/kaijahartiala.fi\/#website\",\"url\":\"https:\/\/kaijahartiala.fi\/\",\"name\":\"Kaija Hartiala\",\"description\":\"\",\"potentialAction\":[{\"@type\":\"SearchAction\",\"target\":{\"@type\":\"EntryPoint\",\"urlTemplate\":\"https:\/\/kaijahartiala.fi\/?s={search_term_string}\"},\"query-input\":{\"@type\":\"PropertyValueSpecification\",\"valueRequired\":true,\"valueName\":\"search_term_string\"}}],\"inLanguage\":\"fi\"}]}<\/script>\n<!-- \/ Yoast SEO plugin. -->","yoast_head_json":{"title":"Etusivu - Kaija Hartiala","robots":{"index":"index","follow":"follow","max-snippet":"max-snippet:-1","max-image-preview":"max-image-preview:large","max-video-preview":"max-video-preview:-1"},"canonical":"https:\/\/kaijahartiala.fi\/","og_locale":"fi_FI","og_type":"article","og_title":"Etusivu - Kaija Hartiala","og_url":"https:\/\/kaijahartiala.fi\/","og_site_name":"Kaija Hartiala","article_modified_time":"2025-04-01T09:53:17+00:00","twitter_card":"summary_large_image","schema":{"@context":"https:\/\/schema.org","@graph":[{"@type":"WebPage","@id":"https:\/\/kaijahartiala.fi\/","url":"https:\/\/kaijahartiala.fi\/","name":"Etusivu - Kaija Hartiala","isPartOf":{"@id":"https:\/\/kaijahartiala.fi\/#website"},"datePublished":"2025-03-26T07:16:34+00:00","dateModified":"2025-04-01T09:53:17+00:00","breadcrumb":{"@id":"https:\/\/kaijahartiala.fi\/#breadcrumb"},"inLanguage":"fi","potentialAction":[{"@type":"ReadAction","target":["https:\/\/kaijahartiala.fi\/"]}]},{"@type":"BreadcrumbList","@id":"https:\/\/kaijahartiala.fi\/#breadcrumb","itemListElement":[{"@type":"ListItem","position":1,"name":"Home","item":"https:\/\/kaijahartiala.fi\/"},{"@type":"ListItem","position":2,"name":"Etusivu"}]},{"@type":"WebSite","@id":"https:\/\/kaijahartiala.fi\/#website","url":"https:\/\/kaijahartiala.fi\/","name":"Kaija Hartiala","description":"","potentialAction":[{"@type":"SearchAction","target":{"@type":"EntryPoint","urlTemplate":"https:\/\/kaijahartiala.fi\/?s={search_term_string}"},"query-input":{"@type":"PropertyValueSpecification","valueRequired":true,"valueName":"search_term_string"}}],"inLanguage":"fi"}]}},"_links":{"self":[{"href":"https:\/\/kaijahartiala.fi\/index.php?rest_route=\/wp\/v2\/pages\/8","targetHints":{"allow":["GET"]}}],"collection":[{"href":"https:\/\/kaijahartiala.fi\/index.php?rest_route=\/wp\/v2\/pages"}],"about":[{"href":"https:\/\/kaijahartiala.fi\/index.php?rest_route=\/wp\/v2\/types\/page"}],"author":[{"embeddable":true,"href":"https:\/\/kaijahartiala.fi\/index.php?rest_route=\/wp\/v2\/users\/1"}],"replies":[{"embeddable":true,"href":"https:\/\/kaijahartiala.fi\/index.php?rest_route=%2Fwp%2Fv2%2Fcomments&post=8"}],"version-history":[{"count":38,"href":"https:\/\/kaijahartiala.fi\/index.php?rest_route=\/wp\/v2\/pages\/8\/revisions"}],"predecessor-version":[{"id":85,"href":"https:\/\/kaijahartiala.fi\/index.php?rest_route=\/wp\/v2\/pages\/8\/revisions\/85"}],"wp:attachment":[{"href":"https:\/\/kaijahartiala.fi\/index.php?rest_route=%2Fwp%2Fv2%2Fmedia&parent=8"}],"curies":[{"name":"wp","href":"https:\/\/api.w.org\/{rel}","templated":true}]}}

<section 
        class="custom-block wp-block-image-and-text has-background bg-white ">
        <div class="wrap">
            <div class="flex image-right">
                 
                    <div class="flex-item six has-image">
                        <div 
    class="image image-square"
>
    <img decoding="async" src="https://kaijahartiala.fi/app/uploads/2025/04/Kaija_Hartiala-scaled-e1743500757846.jpg" alt="" />
</div>
                    </div>
                                <div class="flex-item six has-text">
                                                            <span class="small-title">
        Lastenlääkäri &amp; Lääketieteen ja kirurgian tohtori
    </span>
<h2
    class="color-default title-default title-default"
>
    Kaija Hartiala
</h2>

                                                                <ul>
<li data-olk-copy-source="MessageBody">Turku on upea kaupunki ja haluan edelleen toimia päätöksenteossa turkulaisten hyväksi</li>
<li>Raitiotie on Turulle liian kallis investointi ja palvelisi vain pientä osaa kaupunkilaisista</li>
<li>Turussa on erinomaiset päiväkodit ja koulut joissa on myös valinnan mahdollisuuksia</li>
<li>liikuntapaikat houkuttelevat kaupunkilaisia pitämään huolta itsestään</li>
<li>nuorisoa motivoivia liikuntapaikkoja on rakennettava lisää</li>
<li>kulttuuri on Turun vetovoimatekijä</li>
<li>hienoa että Taiteiden talo on olemassa ja Fuuga rakenteilla</li>
<li>kaavoituksessa on kunnioitettava Turun historiaa ja asukkaiden viihtymisestä on huolehdittava</li>
<li>ylitehokasta rakentamista pitää välttää</li>
</ul>

                                                                        <div class="has-btn">
                        <a 
        href="https://kaijahartiala.fi/?page_id=13"
        target=""
        class="btn"
    >
        Lue vaaliteemoistani täältä
    </a>
                    </div>
                                </div>
            </div>
        </div>
    </section>


<section
    class="custom-block wp-block-text has-background bg-grey "
>
    <div class="wrap small">
            <h2
    class="color-default title-default title-default"
>
    Vastuutehtäväni
</h2>

                <ul>
<li data-olk-copy-source="MessageBody">kaupunginvaltuutettu</li>
<li>kasvatus- ja opetuslautakunnan varapuheenjohtaja</li>
<li>aluevaltuutettu</li>
<li>aluehallituksen jäsen</li>
<li>Forum Marinum-säätiön puheenjohtaja</li>
</ul>

            </div>
</section>


<section
    class="custom-block wp-block-text has-background bg-white "
>
    <div class="wrap small">
                <h2>Lisää taustastani ja kokemuksestani</h2>
<p><span>Synnyin vuonna 1954 Heidekenillä. Kerttulin kansakoulun ja Turun Normaalilyseon kautta jatkoin opiskelemaan lääketiedettä Turun yliopistoon, josta valmistuin lääkäriksi. Teini-iässä vietin vuoden koulussa Göttingenissä ja lääkäriksi valmistuttuani yhteensä kolme vuotta San Fransiskossa tehden lääketieteellistä tutkimustyötä. Väitöskirjani immunologian ja mikrobiologian alalta valmistui 1987.</span></p>
<p><span> Lastentaudit valitsin erikoisalaksi koska lapset ovat valloittavia ja toisaalta haastavia potilaita. Toimin TYKS:ssä lastentautien opettajana ja lasten teho-osaston erikoislääkärinä kymmenen vuoden ajan. Olin ensi kertaa kuntavaaleissa 1996 ja sen jälkeen toimin valtuuston lisäksi kaupunginhallituksen jäsenenä ja kauden lopulla kaupunginhallituksen puheenjohtajana.</span></p>
<p>Vuonna 2001 aloitin työn Turun palvelutoimen apulaiskaupunginjohtajana ja olin vastuussa mm. prosessista jolla Turku haki ja valittiin Euroopan kulttuuripääkaupungiksi. Koulutuksen kehittäminen ja kaupungin ja yliopiston yhteistyön parantaminen olivat agendallani. Perustimme myös Kansainvälisen koulun ja Koneteknologiakeskuksen. Kulttuurin saralla Ruisrockin pelastaminen, Linnateatterin perustaminen, tanssin aluekeskus sekä Turun kehittäminen elokuvakaupungiksi kuuluivat toimenkuvaani.</p>
<p>Yhdistimme Turun kirurgisen sairaalan TYKSiin ja näin potilasjonot saatiin lyhenemään ja kirurginen osaaminen keskitetyksi kilpavarustelun sijaan. Lasten teho-osaston äärimmäisen tehokkaaseen ja tuloskeskeiseen työskentelyyn verrattuna oli Turun keskushallinnon toiminnassa erittäin paljon sellaista mitä en voinut &#8211; enkä voi edelleenkään &#8211; hyväksyä. Hallintoa on voitava keventää jo taloudenkin vuoksi ja samalla selkeyttää tulosten mittaamista.</p>
<p>Vuosina 2013-2021 toimin kasvatus- ja opetuslautakunnan puheenjohtajana ja nyt varapuheenjohtajana. Toimin myös Forum Marinum-säätiön puheenjohtajana. Forum Marinum toimii tällä hetkellä myös Turulle strategisesti tärkeiden merikeskusaktiviteettien tyyssijana ja kehittäjänä ja oli vuonna 2024 Turun eniten vierailtu museokohde.</p>
<p>Nykyisin työskentelen lastenlääkärinä Mehiläisessä. On hienoa tehdä työtä terveydenhuollon organisaatiossa jossa potilas on ykkönen. Nautin valtavasti työstäni lasten ja lapsiperheiden parissa. Ihailen aktiivisia nuoria perheitä joissalasten on hyvä kasvaa ja joissa joskus elämää rajoittavista sairauksista huolimatta eletään täysipainoista elämää.</p>
<p>Kuusi vuotta sitten minut valittiin Suomen Kulttuuriperinnön Säätiön puheenjohtajaksi. Säätiö omistaa mm. 1700-luvulla rakennetun Brinkhallin kartanon Kakskerrassa. Olen koukussa Brinkhallin kehittämiseen jotta se palvelisi aktiivisena kulttuurikeskuksena myös tulevaisuudessa.</p>

            </div>
</section>
